?
9
Suppose 9 = 5*u - 26. Calculate the remainder when u is divided by 4.
3
Suppose 13 = 5*b - 82. What is the remainder when 111 is divided by b?
16
Let t = -2 + 12. Calculate the remainder when 28 is divided by t.
8
Suppose 30 = 3*p - 18. Suppose 1 = h - 12. What is the remainder when p/56 - (-341)/7 is divided by h?
10
Let r(h) = -h**3 + 9*h**2 + 4*h - 7. Suppose 0 = -3*w - 19 + 46. What is the remainder when r(w) is divided by 10?
9
Let l(x) = -2*x + 9. Let i(j) = -2*j - 8. What is the remainder when i(-6) is divided by l(3)?
1
Suppose 0 = 5*z - 902 + 197. Suppose -2*l = f + f - 94, -3*f = -3*l + z. Suppose -3*b - 24 = -5*b. Calculate the remainder when l is divided by b.
11
Let a(r) = r + 27. Let u be a(-11). Suppose 3*o - u - 2 = 0. What is the remainder when 16 is divided by o?
4
Let z be ((-6)/8)/(3/(-24)). Suppose -u + 13 = 3*j, -2*j = -z*j - u + 19. What is the remainder when 15 is divided by j?
3
Let g = 99 - 68. What is the remainder when g is divided by 192/80*20/3?
15
Suppose -4*a + 5*c = -3*a - 23, -22 = -a + 4*c. What is the remainder when 52 is divided by a?
16
Let h(z) = -6*z**2 + 14*z**2 + 2*z - 1 - 7*z**2. Let v be h(-6). Suppose 2*k - k = v. Calculate the remainder when k is divided by 8.
7
Suppose 0 = g - 89 - 5. What is the remainder when g is divided by (-2 - (-2 + -6))*4?
22
Let m = -1 + -8. Calculate the remainder when (0 - 1)*(2 - 36) is divided by 36/(-10)*30/m.
10
Calculate the remainder when 55 is divided by (4 - -6) + -5 + 27.
23
Let v = 91 - 64. Calculate the remainder when v is divided by 14.
13
Suppose -4*l + 2 = 22, l = -5*x + 175. Suppose -3*c - b = -8, 5*b + x = 5*c + b. What is the remainder when 11 is divided by c?
3
Calculate the remainder when 1/(2 - 260/132) is divided by (-2 + 5)/1*3.
6
Let r(g) = 2 + g**2 + 3*g**2 + 0 - 3. What is the remainder when 4 is divided by r(1)?
1
Let t = -3 + 6. Suppose 12 = -3*o, -5*h - t*o - o = -154. What is the remainder when h is divided by 18?
16
Suppose -2*c = -26 - 50. Let l = 42 - 29. Calculate the remainder when c is divided by l.
12
Suppose -k - s - 36 = -3*k, 4*k - 66 = -s. What is the remainder when k is divided by 10?
7
Suppose 6*t = t. Suppose d + 8*n + 21 = 4*n, t = -2*n - 6. What is the remainder when 43 is divided by 399/27 + (-2)/d?
13
Suppose -2*h - 27 - 3 = -u, 50 = 3*u + 4*h. What is the remainder when 40 is divided by u?
18
Let s = 46 - 21. Calculate the remainder when 172 is divided by s.
22
Let p(j) = 10*j - 2. What is the remainder when p(5) is divided by 13?
9
Let f be (1 + -22)/((-3)/2). Let z = f + -6. Suppose 5*b - 2*y - 25 = 0, -4*b + 2*y = -3*y - 20. What is the remainder when z is divided by b?
3
Suppose -2*x - 3*l - 3 = 2*x, -5*x = 5*l + 5. Suppose -5*r + 5*o = -25, -9 = -x*r - r + 2*o. Calculate the remainder when (4/8)/((-1)/(-2)) is divided by r.
0
Let y = -3 + 6. What is the remainder when y is divided by 1?
0
Let b = 66 + -23. Suppose 2*h = 3*h. Suppose h = -5*g + 28 + 47. Calculate the remainder when b is divided by g.
13
Let y(t) = -66*t - 79. Calculate the remainder when y(-6) is divided by 16.
13
Suppose -4*j = 5*h - 309, 5*j - 52 = -h + 14. Calculate the remainder when h is divided by 16.
13
Let t = -6 - -6. Suppose t = -f + 5*z + 86, f - 76 = 4*z - z. Suppose 0 = -p - 0*p + f. Calculate the remainder when p is divided by 21.
19
Suppose -w + 3*v + 60 = 2*w, w = 4*v + 26. What is the remainder when 35 is divided by w?
17
Suppose 3*w - 2*w = 4. Let j(v) = 2*v**3 - 3*v**2 + 3*v - 4. Calculate the remainder when j(2) is divided by w.
2
Let p = -104 - -115. Calculate the remainder when 39 is divided by p.
6
Suppose -k = 2*k - 48. Let y = k - 10. Calculate the remainder when 21 is divided by y.
3
Suppose 4*s - 36 = -2*s. Calculate the remainder when 22 is divided by s.
4
Suppose 3*c - 99 + 6 = h, 2*h + 154 = 5*c. Let w(i) = -3*i - 1. Let d be w(-1). What is the remainder when c is divided by d/(-3) + (-35)/(-3)?
10
Let r(w) = -w + 8. Calculate the remainder when 53 is divided by r(-11).
15
Suppose -531 = 90*y - 93*y. What is the remainder when y is divided by 20?
17
Let c(f) = -44*f - 15. What is the remainder when c(-5) is divided by 13?
10
Let s(t) = 2*t + 5. What is the remainder when 36 is divided by s(7)?
17
Suppose 0 = -r - 3*r - 5*n + 132, -4*n = 4*r - 128. Calculate the remainder when r is divided by 5.
3
Let g(a) = a**3 + 9*a**2 + 7*a + 3. Calculate the remainder when 13 is divided by g(-8).
2
Suppose 0 = -5*j + 2*c + 8, 4*c = 5*j - c - 20. Let x = 15 - j. Suppose t = -5*i + 24, t + 0*i - 5*i - 34 = 0. What is the remainder when t is divided by x?
14
Let z(o) = -2*o + 4. Let s be z(10). Let h = s + 47. Calculate the remainder when h is divided by 17.
14
Let s(u) = -u**3 - u - 1. Let p be s(-1). What is the remainder when 15 is divided by ((-16)/10)/(p/(-5))?
7
Suppose 2*b - 54 = -f, 5*b - 201 = -0*f - 4*f. Calculate the remainder when f is divided by 19.
6
Suppose 3*n + 24 = -21. Let h = n - -4. Let u(y) = y**3 + 10*y**2 - 13*y - 2. What is the remainder when 59 is divided by u(h)?
19
Suppose 0 = h + 3*h - 80. Let f = 30 + 1. Let c = f - h. Calculate the remainder when 31 is divided by c.
9
Suppose -2*y = -7*y + 20. Calculate the remainder when 5 is divided by y.
1
Suppose -7*z = -2*z + 35. Let w = -6 - z. Calculate the remainder when 2 is divided by w.
0
Suppose 0 = -3*y - y + 2*u - 62, 5*u = 4*y + 47. Let r = 1 - y. Calculate the remainder when r is divided by 10.
9
Let c = 51 + -32. What is the remainder when c is divided by 3?
1
Suppose -q + 3*q + 5*r = 9, q = 2*r. Suppose -q*v + 16 = -8. What is the remainder when 33 is divided by v?
9
What is the remainder when (-1)/(6/(-488)) + (-32)/(-48) is divided by 17?
14
Let m = -18 + 30. What is the remainder when m is divided by 4?
0
What is the remainder when 18/(-42) - 188/(-14) is divided by 7?
6
Suppose 0 = -2*i - 14 + 20. Suppose i*a = -0 + 123. Calculate the remainder when a is divided by 11.
8
Let s(c) = c**3 + 5*c**2 - c - 1. Let r be s(-6). Let q = r + 57. Suppose 5*y = -4*u + 81, -3*y - 21 - 6 = -3*u. Calculate the remainder when q is divided by u.
12
Let s(d) = d - 4. Let f(b) = 5*b**3 + 1. Let h be f(2). Suppose -4*c - 2*k + k + h = 0, -3 = -2*c + 3*k. Calculate the remainder when s(c) is divided by 2.
1
Let p(v) = -v**3 + 11*v**2 - 9*v + 1. What is the remainder when p(10) is divided by 4?
3
Let s = 49 + -35. Let a(u) = -4*u - 2. Let w be a(-2). Suppose 16 = -4*b, -w*z + 2*b + 32 = -3*z. What is the remainder when s is divided by z?
6
What is the remainder when 78 is divided by 1/((-14)/(-330)) + (-21)/(-49)?
6
Let q(p) = 6*p - 5. What is the remainder when 48 is divided by q(3)?
9
Let x(h) = 3*h**2 + 5*h - 2. Calculate the remainder when x(-4) is divided by 9.
8
Let m(d) = -d**2 - 4*d + 7. Let c be m(-5). Suppose -2*u + c = 0, 2 = t - 2*u - 19. What is the remainder when 68 is divided by t?
22
Let l(f) = 3*f**3 + f**3 - 4*f**2 + 4 - 3*f**3. Let b be l(4). Suppose 3*r - 6 = 3*a, 3*r - 6 = 2*a - b*a. Calculate the remainder when r is divided by 2.
0
Calculate the remainder when 23 is divided by 6/12 - 17/(-2).
5
Suppose -2 + 8 = 3*l. Suppose 0*y = -l*y + 8. What is the remainder when y is divided by 3?
1
Suppose -l + 43 = n - 3*n, 0 = l + 4*n - 61. Calculate the remainder when l is divided by 10.
9
Let g(a) = 3*a + 10. Let m be g(-4). What is the remainder when 94 is divided by ((-2)/m)/(-1) + 33?
30
Let w(v) = -v**2 + 4*v. Let p be w(3). Calculate the remainder when -2*(155/(-2))/5 is divided by ((-11)/p)/(1/(-3)).
9
Suppose 184 = -4*o + 12*o. Suppose -4*a + 16 = -2*p, 0 = -a - 4*p + 15 + 7. Calculate the remainder when o is divided by a.
5
Suppose -84 = -6*u - u. Calculate the remainder when u is divided by 8.
4
Suppose -2*v - 3*v = 5*r - 180, -2*v - r + 75 = 0. Let x = v - 12. Let b(f) = -2*f**3 + f. What is the remainder when x is divided by b(-2)?
13
Calculate the remainder when 33 is divided by (-1)/1*(3 + -12).
6
Let k = 65 - 44. What is the remainder when 39 is divided by k?
18
Let h = 8 + -2. Suppose 0*y + 30 = 3*y + 5*v, 5*y - 40 = -5*v. Suppose y*z = 2*z + h. What is the remainder when z is divided by 1?
0
Let v(u) = -2*u**2 + 5*u - 9. Let h(f) = -f**2 - f - 1. Let i(b) = -3*h(b) + v(b). What is the remainder when 41 is divided by i(-10)?
13
Let x be (